7) to base 12.
1a9a57
What is 770b (base 13) in base 5?
1012243
11035212 (base 6) to base 8
1207570
Convert -6161164 (base 8) to base 15.
-223326
Convert -78332 (base 11) to base 15.
-2398d
What is 1b95ab (base 15) in base 4?
11021011013
Convert 1321210200 (base 4) to base 3.
221022001200
What is -4a37a20 (base 11) in base 5?
-4220014401
What is 86737 (base 9) in base 15?
1205d
125985 (base 10) to base 11
86722
2594a (base 16) to base 3
21211011010
What is 227689 (base 10) in base 5?
24241224
Convert 18242742 (base 9) to base 8.
43013346
Convert 14030650 (base 8) to base 13.
8677cc
What is 1b94b36 (base 13) in base 8?
43007225
Convert 3742313 (base 10) to base 13.
a104b3
Convert -2930c (base 15) to base 16.
-204d8
Convert -20201100 (base 5) to base 16.
-27b5a
What is 9482427 (base 10) in base 4?
210023002323
What is -1203022231 (base 4) in base 5?
-100444224
What is -b25a44 (base 13) in base 15?
-570c86
What is 9b960 (base 15) in base 10?
494865
What is b4461 (base 13) in base 14?
85d86
-2244030 (base 5) to base 14
-10a9d
What is -25adc (base 16) in base 14?
-4035a
-111323022 (base 4) to base 7
-522546
-44984 (base 13) to base 5
-12442121
Convert 13413313 (base 5) to base 16.
21d57
Convert -12142823 (base 9) to base 11.
-3392833
Convert -111100001100001 (base 2) to base 3.
-1120021101
What is 11754712 (base 8) in base 3?
11220200112002
45510 (base 6) to base 15
1da0
What is 12042022 (base 5) in base 4?
123120021
-676474 (base 8) to base 12
-b03b8
-10704 (base 16) to base 6
-1235420
Convert 2453510 (base 7) to base 16.
4d1a4
What is -1010011000010110 (base 2) in base 14?
-116d0
What is -14691a2 (base 11) in base 5?
-1121001243
Convert 100406 (base 12) to base 13.
896a9
What is -15e0e4 (base 15) in base 14?
-1d83da
Convert 82395 (base 13) to base 4.
321000213
What is -1033333013 (base 4) in base 16?
-4ffc7
-4a4544 (base 13) to base 9
-3313311
1916078 (base 10) to base 15
27cad8
What is -24179 (base 16) in base 10?
-147833
Convert -111220112220 (base 3) to base 10.
-273777
-441151 (base 11) to base 6
-23032312
-ad5b (base 14) to base 13
-108c0
202576 (base 10) to base 2
110001011101010000
What is -970155 (base 13) in base 3?
-20122221102220
What is 423460 (base 9) in base 12?
101923
What is -160445016 (base 7) in base 6?
-1023052443
-250034 (base 6) to base 4
-11120212
-23123001201 (base 4) to base 15
-3e22d3
Convert -1001011010011101111 (base 2) to base 6.
-10340023
-bf426 (base 16) to base 9
-1423552
What is 13031021222 (base 4) in base 8?
7151152
What is -220023300031 (base 4) in base 3?
-201211011210111
1213230122 (base 4) to base 6
13034202
Convert 104243330 (base 5) to base 3.
212111012201
Convert -27220 (base 15) to base 12.
-60663
11743 (base 13) to base 10
31996
Convert 22011202 (base 4) to base 13.
15a60
Convert 2202402322 (base 5) to base 15.
636e42
Convert 4002354 (base 8) to base 15.
15b0e1
-658734 (base 14) to base 13
-936b27
Convert 110100222121112 (base 3) to base 11.
3790028
What is -101100111111001001 (base 2) in base 13?
-65b43
What is 201dd (base 15) in base 6?
2102431
Convert 17c526 (base 14) to base 13.
235857
Convert -340031032 (base 5) to base 10.
-1486392
-1423085 (base 9) to base 6
-24441035
440425 (base 6) to base 10
36449
Convert 21b1197 (base 12) to base 16.
626ec3
Convert -6255315 (base 8) to base 6.
-55340445
30213222 (base 5) to base 10
241687
-20102000112011 (base 3) to base 8
-14773345
Convert -222022120001 (base 3) to base 11.
-3241a6
272202 (base 14) to base 9
2477411
What is -1213331131 (base 4) in base 12?
-186511
Convert -2a349 (base 11) to base 3.
-2011222220
802a2 (base 13) to base 5
24311313
Convert -10010101010001000 (base 2) to base 8.
-225210
-30b3747 (base 12) to base 9
-18260411
What is -12014411 (base 5) in base 13?
-3b462
What is 53ab33 (base 13) in base 15?
28c7ce
1443232404 (base 5) to base 14
731395
What is -323598 (base 10) in base 9?
-542803
-7e2af (base 16) to base 5
-113014113
53295 (base 12) to base 9
175785
Convert -c9a01 (base 15) to base 8.
-2342176
-192a8 (base 13) to base 15
-e6e0
Convert 2222210102 (base 3) to base 7.
333500
Convert -20011101201022 (base 3) to base 4.
-30133212311
What is -87559 (base 14) in base 9?
-548334
What is 1146301 (base 8) in base 14?
828c9
Convert -21232203130 (base 4) to base 12.
-a2b824
What is -102100202 (base 4) in base 16?
-12422
Convert -56334250 (base 8) to base 14.
-188b920
Convert 6705b (base 14) to base 15.
4e025
-1166412 (base 8) to base 7
-2513120
-21541 (base 7) to base 6
-41031
What is 1021112200 (base 3) in base 16?
625e
Convert -201106 (base 7) to base 10.
-34012
What is -447a7 (base 13) in base 14?
-33464
What is 24ad4d (base 14) in base 16?
133769
What is 1590bd9 (base 14) in base 6?
1014252043
346050 (base 10) to base 8
1243702
Convert -278126 (base 10) to base 3.
-112010111222
36066 (base 7) to base 12
5479
What is 50ed1e (base 16) in base 11?
2aa2729
What is -1022002312 (base 4) in base 9?
-512024
Convert 1426112 (base 14) to base 8.
45222404
Convert 2748497 (base 10) to base 15.
394582
43588 (base 15) to base 9
355342
Convert 11101111000111010011001 (base 2) to base 5.
4001212124
-111ca4 (base 13) to base 2
-1100010101011110101
What is 26201431 (base 9) in base 3?
220020001111001
-3bbc41 (base 13) to base 8
-5430332
Convert 41455434 (base 6) to base 16.
1263ee
What is -140c49 (base 13) in base 2?
-1110111000011001010
-35c73 (base 14) to base 16
-2015d
42160010 (base 7) to base 4
31211103302
Convert -2d0e (base 16) to base 15.
-363e
What is -1165307 (base 8) in base 5?
-40302442
1d47e (base 16) to base 14
319ca
Convert 14031302 (base 5) to base 16.
22d6e
-150333522 (base 6) to base 4
-23312220122
Convert -a1605 (base 12) to base 4.
-303100211
5c739 (base 15) to base 9
500010
-5254215 (base 6) to base 3
-111000112002
-39c71 (base 14) to base 8
-426073
What is -791319 (base 12) in base 16?
-1d7585
-1334043 (base 7) to base 9
-288316
What is 117643 (base 11) in base 8?
552666
What is 114011311 (base 5) in base 8?
2017161
Convert -2700543 (base 9) to base 16.
-16883d
What is 2102201232 (base 4) in base 15?
bcc69
-51011535 (base 6) to base 16
-161873
104535 (base 12) to base 11
165797
100202233 (base 5) to base 11
251465
What is 2dc23b (base 15) in base 2?
1000011101011110011001
What is -309aa (base 13) in base 15?
-1ad2e
Convert -303411131 (base 5) to base 11.
-771718
1848741 (base 9) to base 13
2a3a2a
-723420 (base 8) to base 3
-110011100210
-242663 (base 14) to base 3
-2022210120010
Convert -16b4ab4 (base 14) to base 15.
-eb12d5
What is -2923909 (base 13) in base 6?
-1143533134
-d496 (base 16) to base 6
-1055542
What is 2295620 (base 10) in base 6?
121111512
Convert -113312312120 (base 4) to base 2.
-10111110110110110011000
What is 534877 (base 12) in base 8?
5007333
1220a9 (base 13) to base 5
102323243
11010203111 (base 4) to base 6
44254245
Convert -3534422 (base 6) to base 13.
-65843
1303302 (base 4) to base 11
5627
Convert 33204 (base 13) to base 6.
1552440
-1064024 (base 11) to base 14
-36780d
What is 10748318 (base 9) in base 4?
103330201220
-354138 (base 13) to base 16
-135018
-5767107 (base 8) to base 6
-53340435
What is 30a682 (base 14) in base 10?
1642202
152408 (base 10) to base 8
451530
Convert -c4c2b (base 13) to base 14.
-92c01
What is -1000100011011000 (base 2) in base 11?
-24358
Convert -ecf2e (base 16) to base 13.
-27c9b1
-10dd06a (base 14) to base 9
-16151628
749a0 (base 12) to base 10
153480
Convert 2929a9 (base 14) to base 15.
1d352d
255352 (base 15) to base 3
10100220201212
Convert 1b278 (base 14) to base 2.
10000110111101010
Convert -1942e (base 15) to base 6.
-1431212
What is 140a342 (base 15) in base 12?
4a15698
Convert 199da77 (base 14) to base 7.
213255010
260d9 (base 14) to base 9
152214
442155 (base 7) to base 6
1355143
What is e4979 (base 15) in base 2?
10110000110110100101
Convert -10111110101000001011011 (base 2) to base 8.
-27650133
Convert -1446025 (base 9) to base 7.
-6533225
Convert 200001011221 (base 3) to base 11.
22291a
What is 14aa12 (base 12) in base 7?
2656616
223331023322 (base 4) to base 16
afd2fa
331203003 (base 4) to base 7
2066661
Convert -2134313 (base 5) to base 8.
-107741
What is 11661364 (base 8) in base 6?
131154100
What is -1002321323 (base 4) in base 14?
-71c27
What is 23c63 (base 1